66 + 914. Calculate the highest common factor of y and 432.
48
Suppose -85*z + 4663 = -18712. Calculate the highest common divisor of z and 605.
55
Let j(o) = o**3 - o**2 - o + 42. Let s be j(0). Let a be ((-3)/9 - -4)*s. What is the greatest common divisor of a and 14?
14
Let t(y) = 7*y + 9. Let h be t(6). Let k be 2/(-3) - (-53)/3. Calculate the highest common factor of h and k.
17
Let x(b) = -b + 1. Let l be x(-1). Let s(u) = 10*u**3 - u**2 + u - 2. Let m be s(l). Let w = 17 + 2. Calculate the greatest common factor of m and w.
19
Let o = 184 - 118. Calculate the highest common divisor of o and 12.
6
Suppose h + 11*h + 36 = 0. Let d(j) = -7*j + 10. Let i be d(h). Calculate the highest common factor of 155 and i.
31
Suppose -3*f = -4*j + 2*f + 238, -5*j + 302 = -4*f. Let l(x) = 7*x**2 - 4*x. Let u be l(5). Calculate the highest common divisor of j and u.
31
Let v(k) = -k**3 + 38*k**2 + 42*k + 5. Let t be v(39). What is the highest common divisor of t and 183?
61
Let l be (-1)/(-15) + 5872/120. Calculate the greatest common divisor of 1519 and l.
49
Suppose 0 = 3*t - 124 + 43. Let w(v) = -2*v**3 - v**2 - 10*v - 21. Let j be w(-3). Calculate the highest common factor of t and j.
27
Suppose 0*f + 2*f - 8 = 0. What is the highest common divisor of 108 and f?
4
Suppose 2*x - 18 = -x. Suppose -2 = 2*p + x. Let u = 5 + p. What is the highest common factor of u and 5?
1
Let k be ((-23)/46)/(2/(-80)). Let x = 2 + 4. Let y be (-49)/(-6) + x/(-36). Calculate the greatest common factor of y and k.
4
Let t(h) = h**2 + h + 6. Let k be t(-6). Let n be 0 - (-2 - -3) - -37. Let p = -27 + n. What is the highest common divisor of k and p?
9
Let u(c) = 0 + 1 - c + 0. Let b be u(-8). Suppose 2*h = -4*v, -5*v - 15 = 5*h - 30. What is the greatest common factor of h and b?
3
Let b = 10 + -7. Let d be ((-2)/2)/(b/6). Let y be (4 - d) + (1 - 1). Calculate the highest common factor of y and 48.
6
Let t be (48/10)/(17/170). What is the greatest common factor of t and 744?
24
Suppose 0*t - 5*t - 4*q + 443 = 0, -t - 2*q = -91. What is the highest common divisor of t and 2523?
87
Let j(r) = -120*r**3 + r**2 - 3*r - 5. Let u be j(-1). What is the greatest common divisor of u and 187?
17
Let k(j) = 2*j**2 + 8*j - 6. Let m be k(-6). Let f(n) = 0 - 2 + 3*n**2 - n - 6 + 4. Let c be f(2). What is the highest common divisor of c and m?
6
Let c = -336 - -627. Suppose 16 - c = 5*l. Let x be 10/l - 299/(-11). What is the highest common divisor of 3 and x?
3
Let t = -5 + 9. Suppose 0 = -4*l + t + 100. What is the highest common factor of 65 and l?
13
Suppose -4*m = -y + 639, 4*m - 177 = 2*y - 815. Let x = m + 274. What is the highest common divisor of 76 and x?
38
Let g = 2 - 2. Suppose 6*j - 4*j - 30 = g. What is the greatest common factor of 5 and j?
5
Let y(j) = -j**3 - 11*j**2 + j + 28. Let z be y(-11). What is the highest common factor of z and 221?
17
Suppose 25 - 5 = 2*l. Let q = -3 + 11. Let m = 2 + q. What is the highest common factor of l and m?
10
Let n(x) = -x**2 + 9*x + 144. Let t be n(-8). Let r(o) = 10*o**2 - o + 2. Let q be r(2). What is the greatest common factor of q and t?
8
Let j(m) = m**2 - 4*m + 2. Let o be j(-1). What is the highest common divisor of 161 and o?
7
Let n = -4 + -6. Let b(s) = 12 + 19 + 15 - 59 + 15 - 4*s. Let q be b(n). Calculate the greatest common factor of 28 and q.
14
Let b = -251 + 277. What is the greatest common factor of 754 and b?
26
Let h(n) = -n**3 - 11*n**2 - 11*n + 17. Let q be h(-10). Calculate the highest common divisor of 18 and q.
9
Suppose -3*b + k + 208 = 0, -b = k - 2*k - 72. Calculate the greatest common factor of 425 and b.
17
Suppose 0 = 5*b + 9 - 29. Let g be 1 + 105/14 - (-2)/b. Suppose -3*d + 81 = -2*d. What is the highest common divisor of g and d?
9
Suppose 0 = 30*u - 6*u - 3432. Calculate the greatest common divisor of u and 44.
11
Suppose -3*p = 2*w + 488 - 1893, -p + 3*w + 472 = 0. Calculate the highest common divisor of p and 14.
7
Let o(k) = k**2 + 37*k + 51. Let m be o(-36). What is the highest common divisor of m and 105?
15
Let q(y) = 9 - y**2 + 2 - 5 + 19*y + 14. Let c be q(14). Suppose -j - k = -3*k - c, -2*k + 390 = 4*j. What is the highest common factor of 12 and j?
12
Let u be (-40)/22 - 20/110. Let v be (1 + -2)/(-1)*1. Let j be 79 + v - (2 + u). Calculate the greatest common divisor of 10 and j.
10
Let u be -2 - ((-5907)/(-27) - 4/(-18)). Let o be (-680)/(-26) + 34/u. Calculate the greatest common divisor of o and 65.
13
Suppose 0 = -2*w - 2*m + 78, -42*m = -43*m + 2. Let q(s) = 82*s - 3. Let p be q(5). Calculate the greatest common factor of w and p.
37
Let v = 27 - -61. Suppose 0 = -6*m + 89 + 43. Calculate the greatest common divisor of m and v.
22
Suppose 2*q - 3072 = i, 3*i = 6*q - 3*q - 9201. Let g = i - -1444. Let x be g/(-10) + 12/60. Calculate the greatest common factor of 18 and x.
18
Suppose 0*w + 34 = 4*x + 3*w, -5*w + 40 = 5*x. Suppose -x = -d + 5. Let r = 13 + -8. What is the highest common factor of d and r?
5
Let b(h) = 8*h - 4. Let u be b(1). Suppose u*x - 26 - 5 = -5*r, 3*r + 30 = 3*x. Suppose 2*v + 5 = 23. What is the greatest common factor of v and x?
9
Let r(k) = k**3 - 34*k**2 + 158*k + 44. Let i be r(30). What is the highest common factor of i and 32?
32
Suppose 0 = 29*x - 27*x - 18. Let b(u) = -u**3 - 11*u**2 - 11*u + 8. Let c = -33 - -23. Let d be b(c). Calculate the highest common divisor of x and d.
9
Suppose -116 + 141 = 5*l. Calculate the greatest common factor of 60 and l.
5
Let l(q) = q**2 - 12*q + 14. Let f be l(12). What is the greatest common factor of 56 and f?
14
Let y(f) = -f**3 - 3*f**2 - 3*f - 3. Suppose -15 + 27 = -4*j. Let m be y(j). What is the greatest common factor of m and 66?
6
Let i be ((-9)/5)/(27/(-90)). What is the highest common divisor of i and 192?
6
Let h(z) = z**3 + 6*z**2 - 3*z - 13. Let w be h(-4). Let j = w - 14. What is the greatest common divisor of 1 and j?
1
Let h be 182/35 - 1/5. Let k(g) = 2*g - 11. Let p be k(8). Suppose p*j = d - 60, -6 = -3*d - 4*j + 98. Calculate the highest common divisor of d and h.
5
Let h(l) = l**2 - 2*l - 13. Suppose -9*u - 42 = 3. Let g be h(u). What is the greatest common divisor of g and 22?
22
Let a be 0 + -3*(-3)/(-9). Let k be (5 + (-6)/6)/(a/(-7)). Calculate the highest common divisor of 70 and k.
14
Let s be 10820/6 + 320/(-240). Calculate the greatest common divisor of 318 and s.
106
Let s(u) = u + 10. Let x be s(-6). Let j be 1 + 2 + x + 2. Let k = -27 + 45. What is the greatest common divisor of j and k?
9
Let h(k) = 3*k. Let c be h(4). Let i be (-16 - 1) + 13 + -9. Let a = i - -15. What is the greatest common divisor of a and c?
2
Suppose -167 = -2*c - 5*r + 38, -5*r + 435 = 4*c. Suppose 5*n - 3*l - 127 = 0, -n = 9*l - 5*l - 7. What is the greatest common divisor of c and n?
23
Let s be 1170/9 + 5 + 0. Calculate the highest common divisor of s and 54.
27
Let y(q) = -q + 25. Let p be y(-45). Calculate the greatest common factor of 10 and p.
10
Suppose -4*p = -5*p + 2. Suppose -3*w = 6*u - p*u - 22, -5*u + 29 = 3*w. Let i = 13 + u. What is the greatest common divisor of 220 and i?
20
Let m(r) = -r**2 + 2*r + 12. Let j be m(0). Calculate the greatest common factor of j and 18.
6
Let m = -46 + 54. Suppose 4*y + m*y = 48. What is the highest common factor of y and 24?
4
Suppose -5*o + 5*h = 2*h - 468, 4*o - 3*h - 372 = 0. Suppose -4*q + 252 = 4*v, 3*q = -157*v + 160*v - 195. Calculate the highest common factor of v and o.
32
Let j(h) = -2*h**2 - 22*h - 18. Let m be j(-10). What is the greatest common divisor of m and 46?
2
Let l = 7 - 63. Let c = -32 - l. What is the highest common factor of c and 60?
12
Suppose 289 - 1189 = -30*u. Calculate the greatest common divisor of u and 6.
6
Suppose 4 = 5*m - 11. Suppose 3*g = 0, -2*g + 36 = m*v + g. Suppose -4*n - 4*y + 244 = 0, -1 = -y - 0. Calculate the highest common divisor of v and n.
12
Let f(k) = k**3 - 19*k**2 + 23*k + 18. Let d be f(18). Calculate the greatest common divisor of 84 and d.
12
Let f(i) = -7*i + 92. Let s be f(10). What is the highest common divisor of 22 and s?
22
Suppose 0 = 2*m + 2*f - 130, 4*m + 5*f - 85 = 3*m. Let q = -1993 - -2827. Let u be (-6)/(-21) - q/(-21). What is the highest common factor of m and u?
20
Suppose -s - 8 = -3*s.